{"version":"1.0","provider_name":"This is Harmony","provider_url":"https:\/\/samenwerkenmet.harmony.nl\/fr\/","author_name":"admin","author_url":"https:\/\/samenwerkenmet.harmony.nl\/fr\/author\/admin\/","title":"Frank panis nouveau commercial director Belgium - This is Harmony","type":"rich","width":600,"height":338,"html":"<blockquote class=\"wp-embedded-content\" data-secret=\"xDUKFnauT0\"><a href=\"https:\/\/samenwerkenmet.harmony.nl\/fr\/nouvelles\/frank-panis-nouveau-commercial-director-belgium\/\">Frank panis nouveau commercial director Belgium<\/a><\/blockquote><iframe sandbox=\"allow-scripts\" security=\"restricted\" src=\"https:\/\/samenwerkenmet.harmony.nl\/fr\/nouvelles\/frank-panis-nouveau-commercial-director-belgium\/embed\/#?secret=xDUKFnauT0\" width=\"600\" height=\"338\" title=\"\u00ab\u00a0Frank panis nouveau commercial director Belgium\u00a0\u00bb &#8212; This is Harmony\" data-secret=\"xDUKFnauT0\" frameborder=\"0\" marginwidth=\"0\" marginheight=\"0\" scrolling=\"no\" class=\"wp-embedded-content\"><\/iframe><script>\n\/*! This file is auto-generated *\/\n!function(d,l){\"use strict\";l.querySelector&&d.addEventListener&&\"undefined\"!=typeof URL&&(d.wp=d.wp||{},d.wp.receiveEmbedMessage||(d.wp.receiveEmbedMessage=function(e){var t=e.data;if((t||t.secret||t.message||t.value)&&!\/[^a-zA-Z0-9]\/.test(t.secret)){for(var s,r,n,a=l.querySelectorAll('iframe[data-secret=\"'+t.secret+'\"]'),o=l.querySelectorAll('blockquote[data-secret=\"'+t.secret+'\"]'),c=new RegExp(\"^https?:$\",\"i\"),i=0;i<o.length;i++)o[i].style.display=\"none\";for(i=0;i<a.length;i++)s=a[i],e.source===s.contentWindow&&(s.removeAttribute(\"style\"),\"height\"===t.message?(1e3<(r=parseInt(t.value,10))?r=1e3:~~r<200&&(r=200),s.height=r):\"link\"===t.message&&(r=new URL(s.getAttribute(\"src\")),n=new URL(t.value),c.test(n.protocol))&&n.host===r.host&&l.activeElement===s&&(d.top.location.href=t.value))}},d.addEventListener(\"message\",d.wp.receiveEmbedMessage,!1),l.addEventListener(\"DOMContentLoaded\",function(){for(var e,t,s=l.querySelectorAll(\"iframe.wp-embedded-content\"),r=0;r<s.length;r++)(t=(e=s[r]).getAttribute(\"data-secret\"))||(t=Math.random().toString(36).substring(2,12),e.src+=\"#?secret=\"+t,e.setAttribute(\"data-secret\",t)),e.contentWindow.postMessage({message:\"ready\",secret:t},\"*\")},!1)))}(window,document);\n\/\/# sourceURL=https:\/\/samenwerkenmet.harmony.nl\/wp-includes\/js\/wp-embed.min.js\n<\/script>\n","thumbnail_url":"http:\/\/samenwerkenmet.harmony.nl\/wp-content\/uploads\/sites\/2\/2023\/10\/Frank_Panis-header.jpg","thumbnail_width":2166,"thumbnail_height":736,"description":"Harmony va \u00e9galement conqu\u00e9rir le march\u00e9 belge. Temps de lecture : 2 min Aux Pays-Bas, cela fait plus de 20 ans d\u00e9j\u00e0 que Harmony est le grand sp\u00e9cialiste des assurances pour \u00e9lectronique grand public.. Avec plus de 1,5 million de t\u00e9l\u00e9phones, tablettes, d\u2019ordinateurs portables et d\u2019autres produits assur\u00e9s, l\u2019assureur est [&hellip;]"}

Harmony va également conquérir le marché belge. Temps de lecture : 2 min Aux Pays-Bas, cela fait plus de 20 ans déjà que Harmony est le grand spécialiste des assurances pour électronique grand public.. Avec plus de 1,5 million de téléphones, tablettes, d’ordinateurs portables et d’autres produits assurés, l’assureur est [&hellip;]
